NOAA-Style Climate Reports


Report for 2017 February
                   Monthly Climatological Summary for Feb 2017

Name: County Line Road Weather   City: New Braunfels   State: TX
Elevation: 715 ft  Lat: N 29 40 21   Lon: W 098 06 56

                  Temperature (°F), Rain (in), Wind Speed (mph)

                                      Heat  Cool        Avg
    Mean                              Deg   Deg         Wind                 Dom
Day Temp  High   Time   Low    Time   Days  Days  Rain  Speed High   Time    Dir
----------------------------------------------------------------------------------
01  62.2  79.9   16:49  47.5   04:33   6.6   3.8  0.00   2.0  17.0   13:03     S
02  56.5  63.0   01:39  47.3   23:58   8.5   0.0  0.00   1.8  14.0   12:15     N
03  48.3  52.9   15:16  45.1   20:43  16.7   0.0  0.07   2.4  14.0   12:51   NNE
04  48.9  51.3   23:59  46.4   00:00  16.1   0.0  0.01   0.1   7.0   00:05   NNE
05  60.2  71.5   16:46  50.4   01:29   6.1   1.3  0.00   1.2  15.0   22:41   SSE
06  70.8  78.4   16:39  66.4   04:27   0.0   5.8  0.00   4.3  18.0   13:04   SSE
07  72.8  85.9   15:20  59.0   23:53   0.4   8.2  0.00   2.8  16.0   02:05    SW
08  69.6  87.1   15:11  55.1   01:13   3.1   7.7  0.00   2.8  19.0   15:59   WNW
09  57.3  69.8   16:39  45.3   07:21   8.3   0.6  0.00   1.6  13.0   14:48   NNE
10  63.4  77.4   14:56  44.9   02:10   5.1   3.5  0.00   2.5  19.0   13:35   SSE
11  72.8  86.6   16:53  64.8   02:14   0.0   7.8  0.00   3.7  16.0   14:44   SSE
12  71.6  84.1   16:14  64.3   02:00   0.0   6.6  0.00   1.6  12.0   03:05   ENE
13  68.5  77.2   15:08  62.4   07:12   0.4   3.9  0.00   5.3  28.0   18:49     E
14  55.7  67.2   01:12  48.3   23:59   9.5   0.3  1.46   5.1  22.0   04:49   WNW
15  51.9  63.4   15:21  42.0   07:29  13.1   0.0  0.00   2.7  20.0   01:47   WNW
16  53.1  67.3   14:57  36.8   07:27  12.1   0.2  0.00   1.2  12.0   11:48     S
17  61.5  77.0   15:59  47.8   04:49   6.5   3.1  0.00   2.8  19.0   12:18   SSE
18  70.7  85.8   16:27  59.2   06:40   1.5   7.3  0.00   3.0  17.0   11:32   SSE
19  71.9  80.1   14:49  57.9   23:58   0.2   7.0  0.46   4.5  29.0   23:17     E
20  61.9  73.0   17:15  55.9   23:47   4.3   1.2  0.50   1.6  22.0   00:07   SSW
----------------------------------------------------------------------------------
    62.5  87.1     8    36.8    16   118.5  68.3  2.50   2.7  29.0    19     SSE

Max >=  80.0  6
Max <=  32.0  0
Min <=  32.0  0
Min <=   0.0  0
Max Rain: 1.46 on day 14
Days of Rain: 5 (>= 0.01 in)  3 (>= 0.10 in)  1 (>= 1.00 in)
Heat Base: 65.0  Cool Base: 65.0  Method: Integration