NOAA-Style Climate Reports


Report for 2017 December
                   Monthly Climatological Summary for Dec 2017

Name: County Line Road Weather   City: New Braunfels   State: TX
Elevation: 715 ft  Lat: N 29 40 21   Lon: W 098 06 56

                  Temperature (°F), Rain (in), Wind Speed (mph)

                                      Heat  Cool        Avg
    Mean                              Deg   Deg         Wind                 Dom
Day Temp  High   Time   Low    Time   Days  Days  Rain  Speed High   Time    Dir
----------------------------------------------------------------------------------
01  59.9  76.4   14:25  57.1   07:19   3.0   2.9  0.00  ----   9.0   14:35    SE
02  58.9  77.5   15:52  51.8   06:24   4.0   3.3  0.00  ----  11.0   11:02   SSE
03  61.9  75.7   16:28  60.9   00:10   0.9   3.0  0.02  ----  14.0   23:49   ESE
04  68.7  83.2   15:33  67.6   23:19   0.0   8.4  0.00  ----  18.0   10:22   SSE
05  69.0  69.4   07:10  50.5   23:59   7.1   1.2  0.13  ----  23.0   07:12   NNE
06  50.5  50.5   00:00  37.7   22:06  24.2   0.0  1.31  ----  13.0   00:42   NNE
07  38.0  40.5   08:41  31.2   23:45  28.1   0.0  0.96  ----  15.0   16:29   NNE
08  31.2  53.3   16:25  29.6   06:46  26.9   0.0  0.40  ----   9.0   14:41    SW
09  34.9  67.1   15:22  34.9   00:00  15.3   0.2  0.00  ----  15.0   12:55   WNW
10  43.3  65.9   13:02  34.4   07:26  15.5   0.0  0.00  ----  10.0   14:51    SW
11  45.5  74.2   14:34  39.3   06:11  11.1   1.8  0.00  ----  12.0   15:07   SSW
12  49.5  64.6   14:59  39.5   23:58  12.2   0.0  0.00  ----  15.0   10:18   NNW
----------------------------------------------------------------------------------
    50.9  83.2     4    29.6     8   148.3  20.8  2.82  ----  23.0     5       E

Max >=  80.0  1
Max <=  32.0  0
Min <=  32.0  2
Min <=   0.0  0
Max Rain: 1.31 on day 6
Days of Rain: 5 (>= 0.01 in)  4 (>= 0.10 in)  1 (>= 1.00 in)
Heat Base: 65.0  Cool Base: 65.0  Method: Integration