NOAA-Style Climate Reports


Report for 2017 October
                   Monthly Climatological Summary for Oct 2017

Name: County Line Road Weather   City: New Braunfels   State: TX
Elevation: 715 ft  Lat: N 29 40 21   Lon: W 098 06 56

                  Temperature (°F), Rain (in), Wind Speed (mph)

                                      Heat  Cool        Avg
    Mean                              Deg   Deg         Wind                 Dom
Day Temp  High   Time   Low    Time   Days  Days  Rain  Speed High   Time    Dir
----------------------------------------------------------------------------------
01  74.4  87.2   17:17  62.4   07:12   0.3   9.7  0.00   0.6  13.0   13:47    SE
02  76.6  87.9   15:34  66.5   07:29   0.0  11.6  0.00   0.9  13.0   15:40     E
03  76.9  86.0   15:15  73.0   05:06   0.0  11.9  0.13   0.4  11.0   17:21     E
04  79.3  88.6   14:43  74.6   23:58   0.0  14.3  0.00   0.4  11.0   11:03   ENE
05  76.8  88.4   16:24  68.5   07:05   0.0  11.8  0.00   0.2   9.0   13:08     E
06  75.7  86.8   15:45  66.5   07:06   0.0  10.7  0.00   0.5   9.0   14:06   ESE
07  75.8  88.1   14:56  66.2   07:32   0.0  10.8  0.00   0.3   9.0   13:02     W
08  79.6  90.7   15:04  69.0   07:53   0.0  14.6  0.00   0.9  11.0   15:41   SSE
09  79.7  91.0   15:37  70.3   05:17   0.0  14.7  0.00   2.0  14.0   11:37    SE
10  69.1  77.4   02:24  61.2   09:23   0.6   4.7  0.01   1.3  18.0   12:25    NW
11  66.7  78.5   15:35  58.0   07:36   2.0   3.7  0.00   0.2   7.0   03:14   NNE
12  73.2  86.9   17:04  59.3   06:59   1.4   9.6  0.00   0.6  10.0   14:38   SSE
13  78.2  89.0   17:02  69.9   03:23   0.0  13.2  0.00   1.0  13.0   15:07    SE
14  79.5  89.6   15:49  72.0   05:31   0.0  14.5  0.00   1.7  13.0   12:02   ESE
15  72.8  79.8   16:47  64.9   23:55   0.0   7.8  0.00   0.9  17.0   10:56    NW
16  64.5  77.1   16:09  53.9   23:53   3.3   2.8  0.00   1.0  15.0   05:44   NNW
17  61.9  78.1   17:36  47.4   07:52   6.1   3.1  0.00   0.2  13.0   09:58     E
18  63.5  81.7   15:58  47.2   05:40   6.3   4.7  0.00   0.7  10.0   12:19    SE
----------------------------------------------------------------------------------
    73.6  91.0     9    47.2    18    20.0 174.2  0.14   0.8  18.0    10     ESE

Max >=  80.0 13
Max <=  32.0  0
Min <=  32.0  0
Min <=   0.0  0
Max Rain: 0.13 on day 3
Days of Rain: 2 (>= 0.01 in)  1 (>= 0.10 in)  0 (>= 1.00 in)
Heat Base: 65.0  Cool Base: 65.0  Method: Integration