NOAA-Style Climate Reports


Report for 2017 June
                   Monthly Climatological Summary for Jun 2017

Name: County Line Road Weather   City: New Braunfels   State: TX
Elevation: 715 ft  Lat: N 29 40 21   Lon: W 098 06 56

                  Temperature (°F), Rain (in), Wind Speed (mph)

                                      Heat  Cool        Avg
    Mean                              Deg   Deg         Wind                 Dom
Day Temp  High   Time   Low    Time   Days  Days  Rain  Speed High   Time    Dir
----------------------------------------------------------------------------------
01  75.1  89.4   16:32  66.3   03:07   0.0  10.1  0.01   0.4  11.0   17:25     E
02  80.1  90.1   18:19  72.3   04:50   0.0  15.1  0.00   1.2  12.0   18:56   ESE
03  80.1  92.5   16:39  71.1   23:57   0.0  15.1  0.00   1.0  12.0   21:31    SE
04  72.8  90.0   15:20  67.0   04:49   0.0   7.8  0.37   0.4  32.0   15:36   SSW
05  75.9  88.7   12:00  68.3   05:04   0.0  10.9  0.37   0.4  15.0   17:43   ENE
06  79.2  92.1   16:18  69.4   02:54   0.0  14.2  0.01   0.8  11.0   10:27    NW
07  81.6  94.9   17:19  68.5   04:55   0.0  16.6  0.00   0.2   9.0   13:10     E
08  81.6  95.3   17:10  69.3   04:57   0.0  16.6  0.00   0.7  18.0   15:16   ESE
09  79.5  89.9   17:03  71.7   04:51   0.0  14.5  0.00   2.8  19.0   22:17   ESE
10  78.5  89.1   16:31  68.1   04:47   0.0  13.5  0.00   2.9  16.0   22:29   ESE
11  80.3  91.3   17:18  69.4   07:15   0.0  15.3  0.00   2.7  17.0   13:55     E
12  80.8  92.7   16:48  69.5   04:46   0.0  15.8  0.00   2.3  17.0   22:09     E
13  82.7  94.3   15:31  74.2   01:58   0.0  17.7  0.00   4.1  23.0   19:14   ESE
14  83.4  94.0   15:10  75.3   05:02   0.0  18.4  0.00   4.4  18.0   15:38   ESE
15  84.4  95.7   16:52  75.8   04:50   0.0  19.4  0.00   3.8  16.0   09:52    SE
16  84.3  96.4   17:17  74.5   04:48   0.0  19.3  0.00   4.1  17.0   10:09    SE
17  85.3  98.4   17:14  75.1   04:45   0.0  20.3  0.00   4.2  18.0   12:27    SE
18  84.7  96.8   16:48  75.9   07:40   0.0  19.7  0.00   5.1  18.0   11:44   ESE
19  82.8  93.4   17:33  75.2   05:02   0.0  17.8  0.00   1.0  13.0   15:19    SE
20  85.0  97.4   16:02  72.7   04:46   0.0  20.0  0.00   0.4   9.0   11:54   ENE
21  84.3  96.5   16:13  72.4   04:50   0.0  19.3  0.00   0.5  10.0   12:19    NE
22  85.0  99.3   18:07  71.0   05:22   0.0  20.0  0.00   1.8  13.0   21:59     S
23  87.1 100.4   17:53  75.8   04:48   0.0  22.1  0.00   2.9  15.0   18:13   ESE
24  79.3  87.4   12:10  71.2   23:58   0.0  14.3  0.00   0.4  11.0   12:24   ENE
25  78.6  89.2   14:20  69.9   05:08   0.0  13.6  0.00   0.5  13.0   11:51     E
----------------------------------------------------------------------------------
    81.3 100.4    23    66.3     1     0.0 407.4  0.76   2.0  32.0     4     ESE

Max >=  80.0 25
Max <=  32.0  0
Min <=  32.0  0
Min <=   0.0  0
Max Rain: 0.37 on day 4
Days of Rain: 4 (>= 0.01 in)  2 (>= 0.10 in)  0 (>= 1.00 in)
Heat Base: 65.0  Cool Base: 65.0  Method: Integration