NOAA-Style Climate Reports


Report for 2017 August
                   Monthly Climatological Summary for Aug 2017

Name: County Line Road Weather   City: New Braunfels   State: TX
Elevation: 715 ft  Lat: N 29 40 21   Lon: W 098 06 56

                  Temperature (°F), Rain (in), Wind Speed (mph)

                                      Heat  Cool        Avg
    Mean                              Deg   Deg         Wind                 Dom
Day Temp  High   Time   Low    Time   Days  Days  Rain  Speed High   Time    Dir
----------------------------------------------------------------------------------
01  85.5  99.4   17:23  72.7   04:44   0.0  20.5  0.00   0.6  11.0   22:13     E
02  82.6  94.0   14:01  75.0   22:56   0.0  17.6  0.03   0.5  10.0   16:45   ENE
03  81.0  91.4   14:10  73.5   03:29   0.0  16.1  0.01   0.5  12.0   13:35   ESE
04  85.7  99.6   17:46  75.2   03:05   0.0  20.7  0.00   0.9  19.0   22:09   ESE
05  85.3  97.5   17:54  75.1   03:17   0.0  20.3  0.00   2.9  19.0   16:35   ESE
06  85.1  97.3   17:32  76.0   04:43   0.0  20.1  0.00   3.5  18.0   21:36    SE
07  79.7  87.1   18:38  70.5   11:49   0.0  14.7  0.34   1.5  15.0   03:31    NE
08  82.2  92.7   16:57  72.0   04:38   0.0  17.2  0.00   0.2   9.0   15:36    NE
09  84.4  97.2   15:43  74.1   04:54   0.0  19.4  0.00   0.2   8.0   12:36   ENE
10  85.0  96.4   17:38  75.4   04:51   0.0  20.0  0.00   1.9  14.0   17:51    SE
11  85.3  97.0   17:17  74.1   04:46   0.0  20.3  0.00   1.7  16.0   11:45   SSE
12  86.0  97.9   18:20  75.7   04:51   0.0  21.0  0.00   2.4  17.0   22:37    SE
13  85.8  97.7   17:11  75.3   07:49   0.0  20.8  0.00   2.9  17.0   22:49    SE
14  84.9  97.7   17:43  74.8   04:51   0.0  19.9  0.00   3.4  18.0   21:25    SE
15  84.5  97.1   17:00  75.1   04:50   0.0  19.5  0.00   3.9  18.0   18:02   ESE
16  85.8  98.1   17:44  76.5   04:49   0.0  20.8  0.00   4.2  21.0   21:17    SE
17  86.4  97.6   17:23  78.1   04:50   0.0  21.4  0.00   3.4  17.0   16:48    SE
18  86.5  98.7   17:18  76.5   04:59   0.0  21.5  0.00   2.3  15.0   12:46    SE
19  86.2  98.4   16:32  75.9   04:49   0.0  21.2  0.00   1.9  15.0   22:52    SE
20  85.8  97.7   18:11  76.0   07:52   0.0  20.8  0.00   2.5  19.0   22:08    SE
21  84.2  97.0   17:49  74.7   04:40   0.0  19.2  0.00   1.4  15.0   12:55   ESE
----------------------------------------------------------------------------------
    84.7  99.6     4    70.5     7     0.0 413.0  0.38   2.0  21.0    16      SE

Max >=  80.0 21
Max <=  32.0  0
Min <=  32.0  0
Min <=   0.0  0
Max Rain: 0.34 on day 7
Days of Rain: 3 (>= 0.01 in)  1 (>= 0.10 in)  0 (>= 1.00 in)
Heat Base: 65.0  Cool Base: 65.0  Method: Integration