NOAA-Style Climate Reports


Report for 2017 March
                   Monthly Climatological Summary for Mar 2017

Name: County Line Road Weather   City: New Braunfels   State: TX
Elevation: 715 ft  Lat: N 29 40 21   Lon: W 098 06 56

                  Temperature (°F), Rain (in), Wind Speed (mph)

                                      Heat  Cool        Avg
    Mean                              Deg   Deg         Wind                 Dom
Day Temp  High   Time   Low    Time   Days  Days  Rain  Speed High   Time    Dir
----------------------------------------------------------------------------------
01  66.9  74.9   14:51  54.2   23:55   1.5   3.4  0.00   1.4  17.0   12:43     N
02  56.0  66.3   14:26  46.9   06:55   9.0   0.1  0.00   1.4  14.0   17:04    NE
03  55.1  65.3   15:50  41.3   07:11   9.9   0.0  0.00   2.3  17.0   11:28     E
04  57.1  58.6   21:57  55.4   03:46   7.9   0.0  1.24   1.2  13.0   19:15   ENE
05  63.9  73.4   17:01  58.0   02:18   2.6   1.6  0.19   1.3  11.0   14:53     S
06  72.2  81.3   15:11  66.2   00:00   0.0   7.2  0.00   4.9  21.0   11:01    SE
07  66.6  78.4   12:22  61.2   22:51   0.7   2.3  0.00   1.2  11.0   21:03    NE
08  64.7  73.9   16:27  58.1   06:52   2.3   2.0  0.01   0.9   9.0   17:17   ENE
09  69.5  80.2   14:51  64.2   19:09   0.0   4.6  2.06   3.0  20.0   20:35    SE
10  68.2  77.4   12:56  62.9   23:56   0.2   3.5  0.16   1.2  17.0   16:50   ESE
11  63.5  69.2   16:45  61.1   02:24   1.8   0.4  0.52   0.3   9.0   21:18   ENE
12  51.8  61.5   00:00  48.5   08:44  12.6   0.0  0.04   0.8  18.0   05:22   NNE
13  55.8  70.4   16:26  48.3   00:32   9.8   0.7  0.01   0.7  11.0   13:33    NE
14  56.9  72.3   17:36  41.9   07:47   9.3   1.3  0.00   1.4  14.0   15:18   SSE
15  59.9  74.7   15:55  45.0   07:14   7.1   2.0  0.00   2.0  15.0   15:11     E
16  67.2  79.4   16:40  59.6   02:21   2.1   4.3  0.00   3.8  18.0   16:54    SE
17  70.6  81.9   17:02  63.1   02:35   0.1   5.7  0.00   5.1  22.0   14:00    SE
18  70.0  82.9   17:29  60.0   04:45   1.0   6.0  0.00   1.6  12.0   14:42    SE
19  71.1  82.3   16:26  61.6   03:10   0.3   6.4  0.00   2.8  15.0   16:50   SSE
20  71.5  84.3   17:11  63.6   07:27   0.2   6.7  0.00   3.6  17.0   14:54   SSE
21  70.3  83.4   17:21  60.8   03:49   1.1   6.4  0.00   2.9  16.0   14:23    SE
22  71.1  83.1   16:28  63.7   07:33   0.1   6.3  0.00   3.1  15.0   14:55   ESE
23  71.8  82.2   15:36  65.3   06:43   0.0   6.8  0.01   7.9  30.0   16:29   ESE
24  71.9  82.8   17:40  62.4   23:49   0.1   7.0  0.00   4.0  20.0   01:04   SSE
----------------------------------------------------------------------------------
    65.2  84.3    20    41.3     3    79.7  84.7  4.24   2.5  30.0    23      SE

Max >=  80.0 10
Max <=  32.0  0
Min <=  32.0  0
Min <=   0.0  0
Max Rain: 2.06 on day 9
Days of Rain: 9 (>= 0.01 in)  5 (>= 0.10 in)  2 (>= 1.00 in)
Heat Base: 65.0  Cool Base: 65.0  Method: Integration