NOAA-Style Climate Reports


Report for 2017 April
                   Monthly Climatological Summary for Apr 2017

Name: County Line Road Weather   City: New Braunfels   State: TX
Elevation: 715 ft  Lat: N 29 40 21   Lon: W 098 06 56

                  Temperature (°F), Rain (in), Wind Speed (mph)

                                      Heat  Cool        Avg
    Mean                              Deg   Deg         Wind                 Dom
Day Temp  High   Time   Low    Time   Days  Days  Rain  Speed High   Time    Dir
----------------------------------------------------------------------------------
01  70.6  79.2   14:39  64.8   03:12   0.0   5.6  0.00   4.2  22.0   12:38     E
02  69.3  79.5   17:21  59.3   23:55   0.8   5.1  0.43   1.7  20.0   09:26     W
03  67.5  85.7   17:52  50.6   07:12   4.5   7.0  0.00   3.0  17.0   10:33    SW
04  72.5  88.1   17:19  55.5   07:30   2.0   9.6  0.00   2.3  17.0   14:28   SSE
05  64.1  73.1   18:05  52.4   07:39   3.5   2.6  0.00   2.6  20.0   15:07   WNW
06  62.2  77.8   15:05  45.8   07:29   6.5   3.7  0.00   0.7  10.0   12:23    SE
07  64.7  78.9   16:43  48.6   07:04   4.8   4.5  0.00   2.7  16.0   12:28    SE
08  68.0  80.3   16:22  55.7   04:49   2.6   5.6  0.00   3.6  22.0   14:48    SE
09  70.9  80.8   16:38  62.7   05:10   0.4   6.2  0.00   4.7  21.0   20:24   ESE
10  74.3  80.6   14:06  70.0   03:02   0.0   9.3  0.00   3.3  16.0   17:19   ESE
11  67.0  71.7   00:16  61.9   23:17   1.1   3.1  2.82   1.0  12.0   11:35     E
12  68.4  79.2   15:48  60.3   01:34   1.4   4.8  0.00   0.6  15.0   23:49   ENE
13  72.2  82.7   16:52  64.9   06:34   0.0   7.2  0.00   3.0  18.0   12:58     E
14  70.8  81.1   18:14  60.7   03:24   0.5   6.3  0.00   2.2  15.0   23:03   ESE
15  73.2  82.4   16:18  67.0   07:03   0.0   8.2  0.00   4.2  19.0   16:19   ESE
16  73.4  81.8   15:53  67.3   05:31   0.0   8.4  0.00   3.2  16.0   18:00   ESE
17  68.3  76.5   13:57  62.2   23:50   0.1   3.5  0.81   0.3  11.0   15:04     E
18  68.7  81.8   17:11  57.5   07:01   1.9   5.6  0.01   0.3   9.0   16:53   ENE
19  73.0  84.0   16:28  65.6   00:25   0.0   8.0  0.00   1.5  13.0   14:12     E
20  75.3  86.3   16:59  68.3   00:38   0.0  10.3  0.00   2.6  16.0   13:20   ESE
21  76.8  88.0   16:53  69.7   06:08   0.0  11.8  0.00   3.9  17.0   13:55    SE
22  65.8  71.5   00:00  59.9   10:19   1.5   2.2  0.01   1.3  13.0   12:45   NNW
23  63.7  77.9   17:49  51.2   07:19   4.7   3.4  0.00   0.9  13.0   11:38   WNW
24  65.6  81.7   17:01  47.1   07:13   5.0   5.6  0.00   2.1  17.0   17:29    SE
25  73.9  89.5   17:13  61.1   05:11   0.7   9.7  0.00   4.2  20.0   18:55    SE
26  78.9  90.9   14:37  63.0   23:57   0.0  14.0  0.00   4.2  23.0   17:16   WSW
27  68.4  85.3   17:45  50.0   06:52   3.7   7.2  0.00   2.6  17.0   22:34   ESE
28  79.2  93.3   16:25  69.0   00:00   0.0  14.2  0.00   4.3  19.0   15:00   ESE
----------------------------------------------------------------------------------
    70.2  93.3    28    45.8     6    45.7 192.7  4.08   2.5  23.0    26     ESE

Max >=  80.0 18
Max <=  32.0  0
Min <=  32.0  0
Min <=   0.0  0
Max Rain: 2.82 on day 11
Days of Rain: 5 (>= 0.01 in)  3 (>= 0.10 in)  1 (>= 1.00 in)
Heat Base: 65.0  Cool Base: 65.0  Method: Integration